or of 135 and r.
45
Let w be ((-3)/3)/(1/(-2)*-1). Let x(b) = -20*b**3 - b**2 - b - 3. Let s be x(w). What is the greatest common factor of s and 5?
5
Let k(v) = -12*v + 2. Let f be k(-1). Suppose -2*u = w + 13, u - f = -2*w + 5*u. Let r be (4 + -12)*-2 + w. Calculate the greatest common factor of r and 65.
13
Let k = 1000 - 557. Let z = k - 283. Suppose 3*x = -x + g + 81, 3*x - 62 = 2*g. Calculate the greatest common factor of x and z.
20
Let h be 4 + 0 - (-63 - -55). Let y(d) = -70*d - 4. Let b be y(-4). What is the greatest common factor of b and h?
12
Let j = 1586 + 908. Calculate the highest common divisor of j and 86.
86
Suppose 22*a + 112*a - 102191 = -8123. Suppose 2*j - 71 = -19. Calculate the highest common factor of a and j.
26
Suppose 5*m + 3*d - 19102 = 0, 0 = -2*m + 97*d - 99*d + 7636. Calculate the greatest common divisor of m and 32.
16
Let j be (-9)/(((-9)/30)/((-24)/(-10))). Suppose j = 25*b - 13*b. What is the highest common divisor of b and 48?
6
Let b = 1621 + -1146. What is the highest common factor of 100 and b?
25
Let y(r) = -4*r**2 - 28*r - 86. Let c be y(-3). Let f(d) = d**3 + 39*d**2 + 43*d + 198. Let m be f(c). What is the highest common factor of 56 and m?
8
Let v be 33*((-108)/(-20))/(-3)*5. Let n = v + 467. Let f be ((-272)/(-4))/(0 + 1). Calculate the highest common factor of f and n.
34
Let f(z) = -z**3 + 13*z**2 + 31*z + 17. Let w be (-5)/(-3) + (-80)/(-72)*12. Let o be f(w). Calculate the greatest common factor of 1024 and o.
32
Let o be 0 + -1 + 175 - (-4 + 2). Let l = 26 + -24. Let i be 1 + (l + 19 - 0). Calculate the highest common divisor of o and i.
22
Let g = -1476 + 1504. Suppose 2*x - 427 - 267 = -5*j, -4*x - 12 = 0. What is the highest common divisor of j and g?
28
Let l be 4/(-32) + (-3318)/(-4)*60/720. What is the highest common factor of 966 and l?
69
Suppose 4816 = 4*s + 4*s. Suppose -122 = 6*w - s. Calculate the greatest common factor of 520 and w.
40
Let q = -247 - -1024. Let j = q - 770. Calculate the highest common divisor of 2 and j.
1
Let r = 189 - 198. Let c(j) = 3*j**2 + 26*j + 7. Let u be c(r). What is the greatest common divisor of u and 224?
16
Suppose 0 = -0*u - 2*u + 30. Let t = 0 + u. Let n be (10/((-40)/33))/((-3)/60). Calculate the greatest common factor of t and n.
15
Let i(t) be the second derivative of -2*t**3/3 + 9*t**2/2 - 17*t. Let u be i(0). Calculate the highest common factor of 27 and u.
9
Let o be (16*(-5)/4)/((-5)/35). Calculate the highest common divisor of o and 63.
7
Let r = 7976 - 7701. Calculate the highest common divisor of 2400 and r.
25
Let t(q) = 4*q**3 - 3*q**2 + q + 2. Let j be t(2). Let u = 51226 + -51208. What is the greatest common divisor of u and j?
6
Suppose -2*g - 3 = 1. Let k be 2680/60 - g/6. Suppose -36 = -3*r - 3*a, -23 - 34 = -5*r - 4*a. What is the highest common factor of k and r?
9
Let h(q) = -12*q**3 + q**2 + 4*q + 2. Let j be h(-3). Let a = -162 + j. Let r be 23 + -6 + -2 - -8. What is the greatest common factor of a and r?
23
Let k = 6 + -4. Suppose 3*b - 20 = -2*b, 4*q + b - 188 = 0. Suppose -29*t = -q*t + 51. What is the greatest common divisor of k and t?
1
Suppose 19*k - 34 = 4. Let g be -2*-4*3/k. Let m be 15/(-25) - g/(-40)*62. Calculate the greatest common factor of 45 and m.
9
Let i(a) = -a**3 + 36*a**2 + 68*a - 1139. Let m be i(37). Suppose -w + q = -2*w + 131, -q - 413 = -3*w. Calculate the greatest common factor of m and w.
8
Suppose 395 - 109 = 11*n. Calculate the greatest common divisor of n and 2054.
26
Suppose 144 = -303*y + 308*y + 4*x, -48 = -y + 4*x. What is the highest common divisor of y and 1024?
32
Let h = 29218 - 15867. What is the greatest common factor of h and 338?
169
Let a = 528 - -195. Let g = 1047 - a. What is the greatest common factor of 12 and g?
12
Suppose 4*r - 21*x = -22*x + 34, 4*r = 3*x + 58. Calculate the greatest common factor of r and 1200.
10
Let q = -991 - -2527. What is the greatest common factor of 12 and q?
12
Suppose 3253 + 3195 = 4*p - 2*l, 1606 = p + l. What is the highest common factor of p and 14?
14
Suppose -5*f - 85 = -3*g, 0 = 11*f - 15*f + 16. Calculate the highest common divisor of 4970 and g.
35
Suppose -1 = 4*z - 5. Suppose -52*r = -62*r + 50. Suppose r*i - 20 = 0, 3*i = -x - 2*i + 21. What is the greatest common divisor of z and x?
1
Let h = -187 + 188. Let g(c) = 58*c**3 - 1. Let a be g(h). Calculate the greatest common divisor of a and 3.
3
Let o(q) = 50*q + 10127. Let m be o(-201). Calculate the highest common factor of m and 1442.
7
Let x = -74 + 73. Let n be (-103584)/(-415) - ((-2)/(-5))/x. What is the highest common factor of 100 and n?
50
Let z(i) = i**3 + 15*i**2 - 5*i - 3. Let k be z(3). Calculate the highest common divisor of 672 and k.
48
Let o = 458 - 196. Calculate the highest common factor of o and 10.
2
Let t be (-6 + -3)*(-3)/(-9)*1. Let u(b) = 10*b + 10. Let m be u(t). Let a = m - -28. Calculate the highest common factor of 6 and a.
2
Let t = -1 + 3. Suppose 4*n = 2*n, 264 = 2*a - 3*n. Suppose 24*j - a = 18*j. What is the highest common divisor of j and t?
2
Suppose 7190*g = 7174*g + 64. Let k(z) = -z + 1. Let w be k(0). Let a be (-2 + w - -36) + 1. Calculate the highest common factor of a and g.
4
Let y(j) = 13*j + 94. Let i be y(-5). Suppose -5*t + 101 = 3*l, -t = -0*t + 5*l - i. Calculate the greatest common divisor of 76 and t.
19
Suppose 0 = 4*y + 5*s + 25, -8*s - 20 = 3*y - 4*s. Suppose y = -8*v + 13*v - 345. Suppose 0 = 5*q - v - 231. Calculate the highest common divisor of 80 and q.
20
Let l = -1070 - -1073. Suppose -8*v = -l*g - 7*v + 103, 0 = -g + v + 31. Let i(s) = -161*s + 2. Let w be i(-2). What is the greatest common divisor of w and g?
36
Let h(o) = -o**3 - 5*o**2 + 10*o. Let t be h(-7). Let m = t + -4. Suppose 246 = 69*z - 306. What is the greatest common divisor of m and z?
8
Suppose 86*d - 88*d = -6, 2*s + 2*d = 618. What is the highest common factor of s and 170?
34
Let l = 1240 - 388. Calculate the highest common factor of 24 and l.
12
Let u(j) = 2*j**2 - 9*j + 3. Let b be u(7). Suppose 39*k + 49*k - 12920 = -48*k. Calculate the highest common factor of b and k.
19
Suppose -r + 8 = 4*i - 0*i, -5*i - 25 = 0. Suppose 0 = 4*p + 3*t - 154, p - 30*t = -r*t + 44. Calculate the greatest common factor of p and 152.
8
Let d = 79060 + -53620. What is the highest common divisor of 96 and d?
96
Suppose -50*a + 46*a + 252 = 0. Let c(p) = 12*p + 35. Let s be c(0). Calculate the greatest common factor of s and a.
7
Suppose 23 - 104 = -3*o. Let t(m) = -17 - 520*m + 0*m**2 + 527*m + m**2. Let y be t(-11). What is the greatest common divisor of y and o?
27
Suppose 0 = -16*k + 585 + 983. Suppose -144*m + 1468 = -548. What is the greatest common factor of k and m?
14
Suppose 0 = -404*o + 418*o - 8568. Calculate the greatest common factor of o and 340.
68
Let o = -5999 - -9599. Calculate the greatest common divisor of o and 336.
48
Let z be (-10)/(-1 + 0 + 3). Let k be (-2)/(z - 72/(-15)). Calculate the highest common divisor of 5 and k.
5
Let k(u) = -u**3 + u**2 + 5*u + 1. Let v be k(-2). Let a(t) = 3*t**2 + t - 8. Let q be a(v). Calculate the greatest common factor of q and 88.
22
Suppose -5*m - 370*z + 224 = -371*z, 3*z - 18 = 0. What is the highest common factor of m and 8349?
23
Suppose 103*q + 105 = 108*q. Suppose 0 = -24*d + 21*d + q. What is the highest common divisor of d and 217?
7
Let j(o) = 3*o**2 - 90*o - 663. Let t be j(-7). Calculate the highest common divisor of 1634 and t.
38
Suppose -4*c + 9 = -19. Let p = -447 - -699. What is the greatest common factor of c and p?
7
Suppose -4*o + 2*r + 7 = -45, 0 = -2*o + 2*r + 22. What is the greatest common factor of o and 2215?
5
Let i = 53 - 48. Suppose 32 = 3*o - i*k, 2*o + 5*k - 52 = -o. Suppose -2*t - 3*t + 840 = 0. Calculate the greatest common divisor of t and o.
14
Let x(n) = 78 - 42 + 20*n - 24*n**2 + n**3 + 59. Let w be x(23). What is the greatest common divisor of 221 and w?
13
Suppose -460*f - 8009 + 20694 = -13535. Calculate the greatest common divisor of f and 15105.
57
Let d(m) = 20*m + 3*m - 5*m - 12 + 23*m. Let x be d(6). Calculate the highest common divisor of 26 and x.
26
Let h = 3541 + -2738. Let p(w) = -74*w - 1. Let o be p(-1). What is the greatest common divisor of h and o?
73
Let f b